lse
Is 16509 a prime number?
False
Is 1438379 a composite number?
False
Is 465602 a prime number?
False
Is 20987 prime?
False
Is 34807 composite?
False
Is 222245 a prime number?
False
Is 14051 composite?
False
Is 2109347 prime?
False
Is 17079 prime?
False
Is 68243 composite?
True
Is 1117 a prime number?
True
Is 166715 composite?
True
Is 234517 a composite number?
True
Is 8999 prime?
True
Is 23929 a prime number?
True
Is 31847 prime?
True
Is 8147 a composite number?
False
Is 3991 composite?
True
Is 305011 composite?
True
Is 993631 a composite number?
True
Is 54193 a prime number?
True
Is 157037 a prime number?
True
Is 118033 a composite number?
False
Is 5623 a composite number?
False
Is 22511 composite?
False
Is 3691 composite?
False
Is 76561 prime?
True
Is 5919 a composite number?
True
Is 317554 composite?
True
Is 11338 composite?
True
Is 16619 composite?
False
Is 736451 a prime number?
False
Is 166013 a prime number?
True
Is 1693 composite?
False
Is 133663 prime?
False
Is 2399 composite?
False
Is 22937 a composite number?
False
Is 13027 prime?
False
Is 1378997 composite?
False
Is 55141 prime?
False
Is 321547 a prime number?
True
Is 1584257 prime?
True
Is 91243 prime?
True
Is 8551 composite?
True
Is 2819 prime?
True
Is 107773 composite?
False
Is 33457 prime?
True
Is 80059 a composite number?
True
Is 517861 prime?
True
Is 36997 prime?
True
Is 2075387 a prime number?
True
Is 15121 a composite number?
False
Is 369511 composite?
True
Is 51257 a composite number?
False
Is 77149 a prime number?
False
Is 69353 composite?
True
Is 1050887 a prime number?
True
Is 458053 a prime number?
True
Is 1009 a prime number?
True
Is 361567 prime?
False
Is 3497 prime?
False
Is 1842311 prime?
True
Is 24179 prime?
True
Is 726611 a prime number?
True
Is 49981 composite?
True
Is 5549 composite?
True
Is 29035 prime?
False
Is 328037 composite?
False
Is 9469 a composite number?
True
Is 144721 a prime number?
False
Is 216607 composite?
False
Is 143095 a prime number?
False
Is 7039 prime?
True
Is 113189 composite?
False
Is 4903 prime?
True
Is 4045 a prime number?
False
Is 140809 composite?
True
Is 59351 composite?
False
Is 452927 prime?
False
Is 37691 a composite number?
False
Is 38347 composite?
True
Is 623 a prime number?
False
Is 17707 a prime number?
True
Is 26489 a prime number?
True
Is 11633 a prime number?
True
Is 7559 a composite number?
False
Is 49443 composite?
True
Is 5519 prime?
True
Is 1623 composite?
True
Is 14243 prime?
True
Is 1219109 a composite number?
False
Is 96643 prime?
True
Is 234989 composite?
False
Is 18787 a prime number?
True
Is 158489 composite?
False
Is 1396546 composite?
True
Is 379 a prime number?
True
Is 166457 a composite number?
False
Is 16201 a composite number?
True
Is 144817 prime?
True
Is 141923 a prime number?
False
Is 9905959 composite?
True
Is 46747 a prime number?
True
Is 522869 prime?
False
Is 19447 a composite number?
False
Is 570359 a composite number?
False
Is 25841 a composite number?
False
Is 1075643 a composite number?
False
Is 160019 prime?
True
Is 7499 a composite number?
False
Is 15769 a composite number?
True
Is 7789 a composite number?
False
Is 2927 a composite number?
False
Is 20887 a prime number?
True
Is 4421 a prime number?
True
Is 3511 a composite number?
False
Is 174241 a composite number?
False
Is 294731 a composite number?
False
Is 39803 a prime number?
False
Is 11181 a prime number?
False
Is 437413 composite?
False
Is 18247 a prime number?
False
Is 2161 a prime number?
True
Is 42977 prime?
False
Is 5147 a composite number?
False
Is 317818 prime?
False
Is 424537 a composite number?
False
Is 49145 prime?
False
Is 397 prime?
True
Is 133801 prime?
True
Is 2317 composite?
True
Is 28115 a prime number?
False
Is 92779 a prime number?
True
Is 9029 composite?
False
Is 113537 prime?
True
Is 77191 composite?
False
Is 5857 prime?
True
Is 47267 a prime number?
False
Is 302411 a composite number?
False
Is 187163 a composite number?
False
Is 907 a prime number?
True
Is 8251 prime?
False
Is 690233 prime?
True
Is 132283 prime?
True
Is 42157 a prime number?
True
Is 5189 composite?
False
Is 2048455 composite?
True
Is 4553 composite?
True
Is 2159 prime?
False
Is 1902961 a composite number?
False
Is 95369 a prime number?
True
Is 18931 prime?
False
Is 262027 prime?
True
Is 1597 prime?
True
Is 1471213 a prime number?
True
Is 2503 prime?
True
Is 8977 prime?
False
Is 191 a composite number?
False
Is 946885 composite?
True
Is 326231 a composite number?
True
Is 15766 a prime number?
False
Is 979 a prime number?
False
Is 23683 composite?
True
Is 3847 a composite number?
False
Is 62119 prime?
True
Is 2819 prime?
True
Is 444331 prime?
False
Is 10891 composite?
False
Is 8069 a composite number?
False
Is 76231 a composite number?
False
Is 966613 composite?
False
Is 830087 prime?
False
Is 126287 composite?
True
Is 480911 a prime number?
True
Is 24841 a composite number?
False
Is 801377 composite?
True
Is 232549 prime?
True
Is 3127 prime?
False
Is 73877 a composite number?
False
Is 1797 a composite number?
True
Is 13367 prime?
True
Is 412831 prime?
True
Is 10331 composite?
False
Is 593935 composite?
True
Is 9217 a prime number?
False
Is 117151 composite?
True
Is 1389353 prime?
False
Is 39301 a composite number?
False
Is 28081 a prime number?
True
Is 57487 prime?
True
Is 480359 a prime number?
False
Is 4031 a prime number?
False
Is 177 a composite number?
True
Is 7993 a prime number?
True
Is 109697 a prime number?
False
Is 6469 a composite number?
False
Is 1299437 a composite number?
False
Is 15661 prime?
True
Is 418153 prime?
False
Is 316339 composite?
False
Is 22529 a composite number?
True
Is 1642405 a prime number?
False
Is 235 a composite number?
True
Is 32933 prime?
True
Is 148871 a prime number?
False
Is 19013 a composite number?
False
Is 6329 a prime number?
True
Is 103739 prime?
False
Is 20389 prime?
True
Is 97723 a composite number?
True
Is 3707 prime?
False
Is 3697 prime?
True
Is 264997 a composite number?
False
Is 39361 a composite number?
True
Is 139109 prime?
True
Is 458119 prime?
True
Is 4891 composite?
True
Is 571343 a composite number?
True
Is 11861 a prime number?
False
Is 157177 prime?
True
Is 510437 a composite number?
True
Is 1352077 a composite number?
True
Is 2654 prime?
False
Is 19919 a prime number?
True
Is 222098 a composite number?
True
Is 76133 a prime number?
False
Is 604399 prime?
False
Is 2129 a prime number?
True
Is 4159 a composite number?
False
Is 5849 prime?
True
Is 5062 a prime number?
False
Is 169523 composite?
False
Is 3419 a composite number?
True
Is 194 prime?
False
Is 61961 a prime number?
True
Is 251054 a prime number?
False
Is 3611638 a composite number?
True
Is 34097 a prime number?
False
Is 9647 prime?
False
Is 3589 a prime number?
False
Is 412717 a composite number?
False
Is 6871049 a prime number?
True
Is 34841 a composite number?
False
Is 58169 a composite number?
False
Is 18041 a prime number?
True
Is 155437 a prime number?
False
Is 31847 a prime number?
True
Is 25819 a composite number?
False
Is 123815 a prime number?
False
Is 2632495 a composite number?
True
Is 49061 a prime number?
False
Is 2333 a prime number?
True
Is 9409 composite?
True
Is 10211 a composite number?
False
Is 12709 a prime number?
False
Is 24899 composite?
True
Is 27449 prime?
True
Is 41719 a prime number?
True
Is 9791 prime?
True
Is 2013455 prime?
False
Is 35147 a composite number?
True
Is 3307801 prime?
False
Is 409 composite?
False
Is 13597 composite?
False
Is 124523 composite?
True
Is 13093 a composite number?
False
Is 80051 a prime number?
True
Is 14621 a prime number?
True
Is 3561 prime?
False
Is 21767 composite?
False
Is 3502891 composite?
True
Is 27239 prime?
True
Is 7349 prime?
True
Is 185489 a composite number?
True
Is 589 prime?
False
Is 60311 a prime number?
False
Is 646231 composite?
True
Is 27841 composite?
True
Is 438827 a prime number?
True
Is 304193 a composite number?
False
Is 6433 composite?
True
Is 485 prime?
False
Is 486791 a prime number?
False
Is 629 a prime number?
False
Is 822517 a composite number?
False
Is 23531 a composite number?
False
Is 129341 composite?
False
Is 2927 prime?
True
Is 89617 a composite number?
True
Is 12679 prime?
False
Is 1637 a prime number?
True
Is 30655 prime?
False
Is 3594